{"id":16,"date":"2016-12-01T14:39:28","date_gmt":"2016-12-01T13:39:28","guid":{"rendered":"http:\/\/www.restaurant-moulin-wantzenau.com\/?page_id=16"},"modified":"2023-01-04T09:52:17","modified_gmt":"2023-01-04T08:52:17","slug":"traiteur","status":"publish","type":"page","link":"https:\/\/restauration.cloud0.sbg.meosis.fr\/restaurant-moulin-wantzenau\/traiteur.html","title":{"rendered":"Traiteur (Bas Rhin)"},"content":{"rendered":"<p>Tous les plats de notre carte sont propos\u00e9s \u00e0 la vente \u00e0 emporter.<\/p>\n<p>Nous pouvons \u00e9galement vous faire des offres pour vos \u00e9v\u00e8nements particuliers.<\/p>\n","protected":false},"excerpt":{"rendered":"<p>Tous les plats de notre carte sont propos\u00e9s \u00e0 la vente \u00e0 emporter. Nous pouvons \u00e9galement vous faire des offres pour vos \u00e9v\u00e8nements particuliers.<\/p>\n","protected":false},"author":1,"featured_media":0,"parent":0,"menu_order":0,"comment_status":"closed","ping_status":"closed","template":"","meta":[],"yoast_head":"<!-- This site is optimized with the Yoast SEO plugin v20.6 - https:\/\/yoast.com\/wordpress\/plugins\/seo\/ -->\n<title>Traiteur Bas Rhin \u203a Restaurant Au Moulin de la Wantzenau<\/title>\n<meta name=\"description\" content=\"Au Moulin de La Wantzenau propose son service traiteur (Bas Rhin) avec des plats \u00e0 emporter r\u00e9alis\u00e9s par le chef. Un choix vari\u00e9 \u00e0 d\u00e9guster chez vous.\" \/>\n<meta name=\"robots\" content=\"index, follow, max-snippet:-1, max-image-preview:large, max-video-preview:-1\" \/>\n<link rel=\"canonical\" href=\"https:\/\/restauration.cloud0.sbg.meosis.fr\/restaurant-moulin-wantzenau\/traiteur.html\" \/>\n<meta property=\"og:locale\" content=\"fr_FR\" \/>\n<meta property=\"og:type\" content=\"article\" \/>\n<meta property=\"og:title\" content=\"Traiteur Bas Rhin \u203a Restaurant Au Moulin de la Wantzenau\" \/>\n<meta property=\"og:description\" content=\"Au Moulin de La Wantzenau propose son service traiteur (Bas Rhin) avec des plats \u00e0 emporter r\u00e9alis\u00e9s par le chef. Un choix vari\u00e9 \u00e0 d\u00e9guster chez vous.\" \/>\n<meta property=\"og:url\" content=\"https:\/\/restauration.cloud0.sbg.meosis.fr\/restaurant-moulin-wantzenau\/traiteur.html\" \/>\n<meta property=\"og:site_name\" content=\"Restaurant Au Moulin\" \/>\n<meta property=\"article:modified_time\" content=\"2023-01-04T08:52:17+00:00\" \/>\n<meta property=\"og:image\" content=\"https:\/\/trello-attachments.s3.amazonaws.com\/51ad91a3572d3c620c00129f\/53c6370dc4e6957ce04c70f3\/250x250\/5cd9a9c407ca808150f2880018f5ec37\/avatar.jpg\" \/>\n<meta name=\"twitter:card\" content=\"summary_large_image\" \/>\n<meta name=\"twitter:label1\" content=\"Dur\u00e9e de lecture estim\u00e9e\" \/>\n\t<meta name=\"twitter:data1\" content=\"1 minute\" \/>\n<script type=\"application\/ld+json\" class=\"yoast-schema-graph\">{\"@context\":\"https:\/\/schema.org\",\"@graph\":[{\"@type\":\"WebPage\",\"@id\":\"https:\/\/restauration.cloud0.sbg.meosis.fr\/restaurant-moulin-wantzenau\/traiteur.html\",\"url\":\"https:\/\/restauration.cloud0.sbg.meosis.fr\/restaurant-moulin-wantzenau\/traiteur.html\",\"name\":\"Traiteur Bas Rhin \u203a Restaurant Au Moulin de la Wantzenau\",\"isPartOf\":{\"@id\":\"https:\/\/restauration.cloud0.sbg.meosis.fr\/restaurant-moulin-wantzenau\/#website\"},\"datePublished\":\"2016-12-01T13:39:28+00:00\",\"dateModified\":\"2023-01-04T08:52:17+00:00\",\"description\":\"Au Moulin de La Wantzenau propose son service traiteur (Bas Rhin) avec des plats \u00e0 emporter r\u00e9alis\u00e9s par le chef. Un choix vari\u00e9 \u00e0 d\u00e9guster chez vous.\",\"breadcrumb\":{\"@id\":\"https:\/\/restauration.cloud0.sbg.meosis.fr\/restaurant-moulin-wantzenau\/traiteur.html#breadcrumb\"},\"inLanguage\":\"fr-FR\",\"potentialAction\":[{\"@type\":\"ReadAction\",\"target\":[\"https:\/\/restauration.cloud0.sbg.meosis.fr\/restaurant-moulin-wantzenau\/traiteur.html\"]}]},{\"@type\":\"BreadcrumbList\",\"@id\":\"https:\/\/restauration.cloud0.sbg.meosis.fr\/restaurant-moulin-wantzenau\/traiteur.html#breadcrumb\",\"itemListElement\":[{\"@type\":\"ListItem\",\"position\":1,\"name\":\"Hotel Restaurant La Wantzenau\",\"item\":\"https:\/\/restauration.cloud0.sbg.meosis.fr\/restaurant-moulin-wantzenau\/\"},{\"@type\":\"ListItem\",\"position\":2,\"name\":\"Traiteur (Bas Rhin)\"}]},{\"@type\":\"WebSite\",\"@id\":\"https:\/\/restauration.cloud0.sbg.meosis.fr\/restaurant-moulin-wantzenau\/#website\",\"url\":\"https:\/\/restauration.cloud0.sbg.meosis.fr\/restaurant-moulin-wantzenau\/\",\"name\":\"Restaurant Au Moulin\",\"description\":\"Un site utilisant R\u00e9seau MeoRestauration\",\"potentialAction\":[{\"@type\":\"SearchAction\",\"target\":{\"@type\":\"EntryPoint\",\"urlTemplate\":\"https:\/\/restauration.cloud0.sbg.meosis.fr\/restaurant-moulin-wantzenau\/?s={search_term_string}\"},\"query-input\":\"required name=search_term_string\"}],\"inLanguage\":\"fr-FR\"}]}<\/script>\n<!-- \/ Yoast SEO plugin. -->","yoast_head_json":{"title":"Traiteur Bas Rhin \u203a Restaurant Au Moulin de la Wantzenau","description":"Au Moulin de La Wantzenau propose son service traiteur (Bas Rhin) avec des plats \u00e0 emporter r\u00e9alis\u00e9s par le chef. Un choix vari\u00e9 \u00e0 d\u00e9guster chez vous.","robots":{"index":"index","follow":"follow","max-snippet":"max-snippet:-1","max-image-preview":"max-image-preview:large","max-video-preview":"max-video-preview:-1"},"canonical":"https:\/\/restauration.cloud0.sbg.meosis.fr\/restaurant-moulin-wantzenau\/traiteur.html","og_locale":"fr_FR","og_type":"article","og_title":"Traiteur Bas Rhin \u203a Restaurant Au Moulin de la Wantzenau","og_description":"Au Moulin de La Wantzenau propose son service traiteur (Bas Rhin) avec des plats \u00e0 emporter r\u00e9alis\u00e9s par le chef. Un choix vari\u00e9 \u00e0 d\u00e9guster chez vous.","og_url":"https:\/\/restauration.cloud0.sbg.meosis.fr\/restaurant-moulin-wantzenau\/traiteur.html","og_site_name":"Restaurant Au Moulin","article_modified_time":"2023-01-04T08:52:17+00:00","og_image":[{"url":"https:\/\/trello-attachments.s3.amazonaws.com\/51ad91a3572d3c620c00129f\/53c6370dc4e6957ce04c70f3\/250x250\/5cd9a9c407ca808150f2880018f5ec37\/avatar.jpg"}],"twitter_card":"summary_large_image","twitter_misc":{"Dur\u00e9e de lecture estim\u00e9e":"1 minute"},"schema":{"@context":"https:\/\/schema.org","@graph":[{"@type":"WebPage","@id":"https:\/\/restauration.cloud0.sbg.meosis.fr\/restaurant-moulin-wantzenau\/traiteur.html","url":"https:\/\/restauration.cloud0.sbg.meosis.fr\/restaurant-moulin-wantzenau\/traiteur.html","name":"Traiteur Bas Rhin \u203a Restaurant Au Moulin de la Wantzenau","isPartOf":{"@id":"https:\/\/restauration.cloud0.sbg.meosis.fr\/restaurant-moulin-wantzenau\/#website"},"datePublished":"2016-12-01T13:39:28+00:00","dateModified":"2023-01-04T08:52:17+00:00","description":"Au Moulin de La Wantzenau propose son service traiteur (Bas Rhin) avec des plats \u00e0 emporter r\u00e9alis\u00e9s par le chef. Un choix vari\u00e9 \u00e0 d\u00e9guster chez vous.","breadcrumb":{"@id":"https:\/\/restauration.cloud0.sbg.meosis.fr\/restaurant-moulin-wantzenau\/traiteur.html#breadcrumb"},"inLanguage":"fr-FR","potentialAction":[{"@type":"ReadAction","target":["https:\/\/restauration.cloud0.sbg.meosis.fr\/restaurant-moulin-wantzenau\/traiteur.html"]}]},{"@type":"BreadcrumbList","@id":"https:\/\/restauration.cloud0.sbg.meosis.fr\/restaurant-moulin-wantzenau\/traiteur.html#breadcrumb","itemListElement":[{"@type":"ListItem","position":1,"name":"Hotel Restaurant La Wantzenau","item":"https:\/\/restauration.cloud0.sbg.meosis.fr\/restaurant-moulin-wantzenau\/"},{"@type":"ListItem","position":2,"name":"Traiteur (Bas Rhin)"}]},{"@type":"WebSite","@id":"https:\/\/restauration.cloud0.sbg.meosis.fr\/restaurant-moulin-wantzenau\/#website","url":"https:\/\/restauration.cloud0.sbg.meosis.fr\/restaurant-moulin-wantzenau\/","name":"Restaurant Au Moulin","description":"Un site utilisant R\u00e9seau MeoRestauration","potentialAction":[{"@type":"SearchAction","target":{"@type":"EntryPoint","urlTemplate":"https:\/\/restauration.cloud0.sbg.meosis.fr\/restaurant-moulin-wantzenau\/?s={search_term_string}"},"query-input":"required name=search_term_string"}],"inLanguage":"fr-FR"}]}},"acf":[],"_links":{"self":[{"href":"https:\/\/restauration.cloud0.sbg.meosis.fr\/restaurant-moulin-wantzenau\/wp-json\/wp\/v2\/pages\/16"}],"collection":[{"href":"https:\/\/restauration.cloud0.sbg.meosis.fr\/restaurant-moulin-wantzenau\/wp-json\/wp\/v2\/pages"}],"about":[{"href":"https:\/\/restauration.cloud0.sbg.meosis.fr\/restaurant-moulin-wantzenau\/wp-json\/wp\/v2\/types\/page"}],"author":[{"embeddable":true,"href":"https:\/\/restauration.cloud0.sbg.meosis.fr\/restaurant-moulin-wantzenau\/wp-json\/wp\/v2\/users\/1"}],"replies":[{"embeddable":true,"href":"https:\/\/restauration.cloud0.sbg.meosis.fr\/restaurant-moulin-wantzenau\/wp-json\/wp\/v2\/comments?post=16"}],"version-history":[{"count":3,"href":"https:\/\/restauration.cloud0.sbg.meosis.fr\/restaurant-moulin-wantzenau\/wp-json\/wp\/v2\/pages\/16\/revisions"}],"predecessor-version":[{"id":1488,"href":"https:\/\/restauration.cloud0.sbg.meosis.fr\/restaurant-moulin-wantzenau\/wp-json\/wp\/v2\/pages\/16\/revisions\/1488"}],"wp:attachment":[{"href":"https:\/\/restauration.cloud0.sbg.meosis.fr\/restaurant-moulin-wantzenau\/wp-json\/wp\/v2\/media?parent=16"}],"curies":[{"name":"wp","href":"https:\/\/api.w.org\/{rel}","templated":true}]}}