{"id":14,"date":"2015-11-06T08:58:47","date_gmt":"2015-11-06T07:58:47","guid":{"rendered":"http:\/\/www.restaurant-auberge-du-moulin.com\/?page_id=14"},"modified":"2022-07-10T18:50:24","modified_gmt":"2022-07-10T17:50:24","slug":"la-carte","status":"publish","type":"page","link":"https:\/\/restauration.cloud0.sbg.meosis.fr\/refonte-restaurant-auberge-du-moulin\/la-carte.html","title":{"rendered":"La Carte de votre restaurant"},"content":{"rendered":"<p style=\"text-align: justify\"><strong>Nous vous proposons \u00e9galement tous nos plats \u00e0 emporter.<\/strong><!--more--><\/p>\n","protected":false},"excerpt":{"rendered":"<p>Nous vous proposons \u00e9galement tous nos plats \u00e0 emporter.<\/p>\n","protected":false},"author":1,"featured_media":0,"parent":0,"menu_order":0,"comment_status":"closed","ping_status":"closed","template":"","meta":[],"yoast_head":"<!-- This site is optimized with the Yoast SEO plugin v20.6 - https:\/\/yoast.com\/wordpress\/plugins\/seo\/ -->\n<title>D\u00e9couvrez La Carte de l&#039;Auberge du Moulin (68)<\/title>\n<meta name=\"description\" content=\"Nous vous proposons \u00e9galement tous nos plats \u00e0 emporter.\" \/>\n<meta name=\"robots\" content=\"index, follow, max-snippet:-1, max-image-preview:large, max-video-preview:-1\" \/>\n<link rel=\"canonical\" href=\"https:\/\/restauration.cloud0.sbg.meosis.fr\/refonte-restaurant-auberge-du-moulin\/la-carte.html\" \/>\n<meta property=\"og:locale\" content=\"fr_FR\" \/>\n<meta property=\"og:type\" content=\"article\" \/>\n<meta property=\"og:title\" content=\"D\u00e9couvrez La Carte de l&#039;Auberge du Moulin (68)\" \/>\n<meta property=\"og:description\" content=\"Nous vous proposons \u00e9galement tous nos plats \u00e0 emporter.\" \/>\n<meta property=\"og:url\" content=\"https:\/\/restauration.cloud0.sbg.meosis.fr\/refonte-restaurant-auberge-du-moulin\/la-carte.html\" \/>\n<meta property=\"og:site_name\" content=\"Auberge du Moulin\" \/>\n<meta property=\"article:modified_time\" content=\"2022-07-10T17:50:24+00:00\" \/>\n<meta property=\"og:image\" content=\"https:\/\/trello-attachments.s3.amazonaws.com\/54464e7fb994135c01142560\/250x250\/fbfe18cfa9b3f523ce36087efaeb6101\/avatar.jpg\" \/>\n<meta name=\"twitter:card\" content=\"summary_large_image\" \/>\n<script type=\"application\/ld+json\" class=\"yoast-schema-graph\">{\"@context\":\"https:\/\/schema.org\",\"@graph\":[{\"@type\":\"WebPage\",\"@id\":\"https:\/\/restauration.cloud0.sbg.meosis.fr\/refonte-restaurant-auberge-du-moulin\/la-carte.html\",\"url\":\"https:\/\/restauration.cloud0.sbg.meosis.fr\/refonte-restaurant-auberge-du-moulin\/la-carte.html\",\"name\":\"D\u00e9couvrez La Carte de l'Auberge du Moulin (68)\",\"isPartOf\":{\"@id\":\"https:\/\/restauration.cloud0.sbg.meosis.fr\/refonte-restaurant-auberge-du-moulin\/#website\"},\"datePublished\":\"2015-11-06T07:58:47+00:00\",\"dateModified\":\"2022-07-10T17:50:24+00:00\",\"description\":\"Nous vous proposons \u00e9galement tous nos plats \u00e0 emporter.\",\"breadcrumb\":{\"@id\":\"https:\/\/restauration.cloud0.sbg.meosis.fr\/refonte-restaurant-auberge-du-moulin\/la-carte.html#breadcrumb\"},\"inLanguage\":\"fr-FR\",\"potentialAction\":[{\"@type\":\"ReadAction\",\"target\":[\"https:\/\/restauration.cloud0.sbg.meosis.fr\/refonte-restaurant-auberge-du-moulin\/la-carte.html\"]}]},{\"@type\":\"BreadcrumbList\",\"@id\":\"https:\/\/restauration.cloud0.sbg.meosis.fr\/refonte-restaurant-auberge-du-moulin\/la-carte.html#breadcrumb\",\"itemListElement\":[{\"@type\":\"ListItem\",\"position\":1,\"name\":\"Restaurant Widensolen\",\"item\":\"https:\/\/restauration.cloud0.sbg.meosis.fr\/refonte-restaurant-auberge-du-moulin\/\"},{\"@type\":\"ListItem\",\"position\":2,\"name\":\"La Carte de votre restaurant\"}]},{\"@type\":\"WebSite\",\"@id\":\"https:\/\/restauration.cloud0.sbg.meosis.fr\/refonte-restaurant-auberge-du-moulin\/#website\",\"url\":\"https:\/\/restauration.cloud0.sbg.meosis.fr\/refonte-restaurant-auberge-du-moulin\/\",\"name\":\"Auberge du Moulin\",\"description\":\"Un site utilisant R\u00e9seau MeoRestauration\",\"potentialAction\":[{\"@type\":\"SearchAction\",\"target\":{\"@type\":\"EntryPoint\",\"urlTemplate\":\"https:\/\/restauration.cloud0.sbg.meosis.fr\/refonte-restaurant-auberge-du-moulin\/?s={search_term_string}\"},\"query-input\":\"required name=search_term_string\"}],\"inLanguage\":\"fr-FR\"}]}<\/script>\n<!-- \/ Yoast SEO plugin. -->","yoast_head_json":{"title":"D\u00e9couvrez La Carte de l'Auberge du Moulin (68)","description":"Nous vous proposons \u00e9galement tous nos plats \u00e0 emporter.","robots":{"index":"index","follow":"follow","max-snippet":"max-snippet:-1","max-image-preview":"max-image-preview:large","max-video-preview":"max-video-preview:-1"},"canonical":"https:\/\/restauration.cloud0.sbg.meosis.fr\/refonte-restaurant-auberge-du-moulin\/la-carte.html","og_locale":"fr_FR","og_type":"article","og_title":"D\u00e9couvrez La Carte de l'Auberge du Moulin (68)","og_description":"Nous vous proposons \u00e9galement tous nos plats \u00e0 emporter.","og_url":"https:\/\/restauration.cloud0.sbg.meosis.fr\/refonte-restaurant-auberge-du-moulin\/la-carte.html","og_site_name":"Auberge du Moulin","article_modified_time":"2022-07-10T17:50:24+00:00","og_image":[{"url":"https:\/\/trello-attachments.s3.amazonaws.com\/54464e7fb994135c01142560\/250x250\/fbfe18cfa9b3f523ce36087efaeb6101\/avatar.jpg"}],"twitter_card":"summary_large_image","schema":{"@context":"https:\/\/schema.org","@graph":[{"@type":"WebPage","@id":"https:\/\/restauration.cloud0.sbg.meosis.fr\/refonte-restaurant-auberge-du-moulin\/la-carte.html","url":"https:\/\/restauration.cloud0.sbg.meosis.fr\/refonte-restaurant-auberge-du-moulin\/la-carte.html","name":"D\u00e9couvrez La Carte de l'Auberge du Moulin (68)","isPartOf":{"@id":"https:\/\/restauration.cloud0.sbg.meosis.fr\/refonte-restaurant-auberge-du-moulin\/#website"},"datePublished":"2015-11-06T07:58:47+00:00","dateModified":"2022-07-10T17:50:24+00:00","description":"Nous vous proposons \u00e9galement tous nos plats \u00e0 emporter.","breadcrumb":{"@id":"https:\/\/restauration.cloud0.sbg.meosis.fr\/refonte-restaurant-auberge-du-moulin\/la-carte.html#breadcrumb"},"inLanguage":"fr-FR","potentialAction":[{"@type":"ReadAction","target":["https:\/\/restauration.cloud0.sbg.meosis.fr\/refonte-restaurant-auberge-du-moulin\/la-carte.html"]}]},{"@type":"BreadcrumbList","@id":"https:\/\/restauration.cloud0.sbg.meosis.fr\/refonte-restaurant-auberge-du-moulin\/la-carte.html#breadcrumb","itemListElement":[{"@type":"ListItem","position":1,"name":"Restaurant Widensolen","item":"https:\/\/restauration.cloud0.sbg.meosis.fr\/refonte-restaurant-auberge-du-moulin\/"},{"@type":"ListItem","position":2,"name":"La Carte de votre restaurant"}]},{"@type":"WebSite","@id":"https:\/\/restauration.cloud0.sbg.meosis.fr\/refonte-restaurant-auberge-du-moulin\/#website","url":"https:\/\/restauration.cloud0.sbg.meosis.fr\/refonte-restaurant-auberge-du-moulin\/","name":"Auberge du Moulin","description":"Un site utilisant R\u00e9seau MeoRestauration","potentialAction":[{"@type":"SearchAction","target":{"@type":"EntryPoint","urlTemplate":"https:\/\/restauration.cloud0.sbg.meosis.fr\/refonte-restaurant-auberge-du-moulin\/?s={search_term_string}"},"query-input":"required name=search_term_string"}],"inLanguage":"fr-FR"}]}},"acf":[],"_links":{"self":[{"href":"https:\/\/restauration.cloud0.sbg.meosis.fr\/refonte-restaurant-auberge-du-moulin\/wp-json\/wp\/v2\/pages\/14"}],"collection":[{"href":"https:\/\/restauration.cloud0.sbg.meosis.fr\/refonte-restaurant-auberge-du-moulin\/wp-json\/wp\/v2\/pages"}],"about":[{"href":"https:\/\/restauration.cloud0.sbg.meosis.fr\/refonte-restaurant-auberge-du-moulin\/wp-json\/wp\/v2\/types\/page"}],"author":[{"embeddable":true,"href":"https:\/\/restauration.cloud0.sbg.meosis.fr\/refonte-restaurant-auberge-du-moulin\/wp-json\/wp\/v2\/users\/1"}],"replies":[{"embeddable":true,"href":"https:\/\/restauration.cloud0.sbg.meosis.fr\/refonte-restaurant-auberge-du-moulin\/wp-json\/wp\/v2\/comments?post=14"}],"version-history":[{"count":9,"href":"https:\/\/restauration.cloud0.sbg.meosis.fr\/refonte-restaurant-auberge-du-moulin\/wp-json\/wp\/v2\/pages\/14\/revisions"}],"predecessor-version":[{"id":2302,"href":"https:\/\/restauration.cloud0.sbg.meosis.fr\/refonte-restaurant-auberge-du-moulin\/wp-json\/wp\/v2\/pages\/14\/revisions\/2302"}],"wp:attachment":[{"href":"https:\/\/restauration.cloud0.sbg.meosis.fr\/refonte-restaurant-auberge-du-moulin\/wp-json\/wp\/v2\/media?parent=14"}],"curies":[{"name":"wp","href":"https:\/\/api.w.org\/{rel}","templated":true}]}}